 0*z - 6 = 0, -2*z + 4 = 0. What are the prime factors of o(j)?
11
Let h(o) = 8*o**2 + 15*o + 10. Let t be h(9). Suppose 0 = 7*k + 149 - t. What are the prime factors of k?
2, 23
Suppose 0*q + 188 = 5*c - 4*q, c - 34 = -q. Suppose 4*w - 4*x + c = 0, -2*w - 2*x = -6*x + 16. Let u(s) = -s + 5. What are the prime factors of u(w)?
3, 5
Let x be 4/6*(-495)/(-22). Suppose 4*j + x = -5. List the prime factors of (2 - 4) + (-70)/j.
2, 3
Let a be (-4)/(-14) - 27/21. Let n be 25*(8/(-4) - a). Let z = n - -42. List the prime factors of z.
17
Let t(k) be the third derivative of k**4/24 + 22*k**3/3 - 17*k**2. What are the prime factors of t(16)?
2, 3, 5
Suppose 3*f + 1720 = 4*c, -3*c + c + 3*f = -854. List the prime factors of c.
433
List the prime factors of ((-12684)/35)/(6/(-15)).
2, 3, 151
Let j be 10/(-15)*6 - -4. Suppose o + c - 72 = 0, j*c = -3*o + 2*c + 221. What are the prime factors of o?
73
Suppose -2*b - 3*y = 11, 2*b = 5*b + y + 20. Let a(l) = 3*l**2 + 15*l - 8. What are the prime factors of a(b)?
2, 17
Suppose -4*c = -c - 6. Suppose 0 = -c*q + 29 + 137. What are the prime factors of q?
83
Let j be ((-44)/12)/((-2)/102). Suppose -4*y = -77 - j. List the prime factors of y.
2, 3, 11
Let f(y) = -2 + 1 - 7*y**3 + 41*y**3. List the prime factors of f(1).
3, 11
List the prime factors of (-1 - -3)/(27/7020).
2, 5, 13
Let o(h) = -h**3 + 7*h**2 + 2*h - 2. Let c be o(7). Let i be (3/6 + -1)*-4. Suppose i*g = c + 118. What are the prime factors of g?
5, 13
Suppose 11*n - 6*n - 60 = 0. Let d(c) = 5*c + 9. What are the prime factors of d(n)?
3, 23
Let c = -2 + 0. Let h be c*(45/(-6) + 2). Let o = 25 - h. What are the prime factors of o?
2, 7
Suppose 0*q + 2*q - 3*y - 358 = 0, q - 179 = 4*y. List the prime factors of q.
179
Let n = 4 - -1. Let x(t) = 3*t - 1. Let r be x(n). Suppose -2*q + r = -0*q. List the prime factors of q.
7
Suppose -34 = 5*j + 1. Let r = 9 + j. Suppose -r*d = 2*d - 40. List the prime factors of d.
2, 5
Suppose -29*n + 3*c = -31*n + 5572, -3*n = -5*c - 8377. List the prime factors of n.
2789
Suppose 0 = 19*o - 15*o - 1196. What are the prime factors of o?
13, 23
Let a = -616 - -685. List the prime factors of a.
3, 23
Let g(t) = -9*t + 16. Let q be g(-5). Let y(k) = k**3 + 3*k**2 - 7*k - 1. Let i be y(-5). Let n = i + q. What are the prime factors of n?
3, 5
Let u(o) = -o**2 + o - 10. Let v(w) = -3*w**2 + 2*w - 29. Let a(q) = -17*u(q) + 6*v(q). Let s be a(-3). Suppose 3*k - 10 = s. What are the prime factors of k?
2
Suppose -8068 = -8*f - 188. List the prime factors of f.
5, 197
Let j be (16 + -1)*(0 + (-5)/(-15)). Suppose -2*n + 4*q + 608 = 0, 0 = -j*n + 5*q - 600 + 2105. What are the prime factors of n?
2, 149
Let s(j) = 2*j + 4. Let b(k) = -k - 5. Let h(m) = -3*b(m) - 4*s(m). Let z be h(-1). Suppose 9*u = z*u + 135. List the prime factors of u.
3
List the prime factors of 410 + 3 + 2 - (-2 - -6).
3, 137
Suppose o + 4*g = 2034, 3*o + 0*g - 2*g - 6158 = 0. List the prime factors of o.
2, 5, 41
Suppose 3525 = 21*d - 12771. List the prime factors of d.
2, 97
Let m = 8 + -8. Suppose -r - y + 4*y = 24, m = r + y + 16. What are the prime factors of 2/(-3) + (-966)/r?
53
Let o = 48 - 48. Suppose 5*i + 5 = o, 4*i + 57 = 2*h + 1. List the prime factors of h.
2, 13
Let f(t) = 12*t + 14. Let i(u) = 23*u + 27. Let h(b) = 5*f(b) - 3*i(b). List the prime factors of h(-12).
97
Suppose 0 = -342*b + 340*b + 590. List the prime factors of b.
5, 59
Let q(v) = 12*v**3 + v**2 - 2*v + 16. Let y be q(5). Suppose 0 = -z + 4*f + 114 + 201, 5*z + 2*f = y. List the prime factors of z.
307
Suppose 2*q + 19 = 3*p, 2*q - 5*q - 21 = -3*p. Suppose 0 = -4*o + 2*r + 3*r + 356, p*o + 2*r = 412. List the prime factors of o.
2, 3, 7
Suppose 3*m = m + 8. Suppose -m*b + 101 = -59. List the prime factors of b.
2, 5
Suppose 0 = 4*u - 2*b - 324, 2*b - 4 = 4*b. Let s = -53 + u. List the prime factors of s.
3
Suppose 5*i - 5*f + 5 = 0, 0 = -2*i + f + 4*f + 10. What are the prime factors of 12/i*(-800)/12?
2, 5
Suppose -c = r - 4911 - 401, -4*c = -5*r + 26569. List the prime factors of r.
3, 7, 11, 23
Let l(b) = -263*b + 14. Let w be l(-2). Suppose 0 = -5*a + 20 + w. List the prime factors of a.
2, 7
Let v = 6 - -6. Suppose -v = -2*b + 4. List the prime factors of b.
2
Suppose -2*d = -1095 + 743. List the prime factors of d.
2, 11
Let z(m) = -16*m - 98. Let a = -169 - -152. What are the prime factors of z(a)?
2, 3, 29
Let d be (-21)/28 - (-49)/(-4). Let k = -9 - d. Suppose 4 = 4*j - k. What are the prime factors of j?
2
Let l = 1184 + 2749. List the prime factors of l.
3, 19, 23
Let t(h) = -h**2 + 13*h + 14. List the prime factors of t(11).
2, 3
Let t = 113 - 110. What are the prime factors of (-2)/t - (0 + (-1144)/6)?
2, 5, 19
Let l(s) = -s**2 + 2*s + 25. Let w be l(5). Suppose 6*y = w*y - 368. List the prime factors of y.
2, 23
Suppose -3*o - 13 = 5*w + 466, 3*w - 4*o = -270. Let k = 196 + w. List the prime factors of k.
2, 3, 17
Let v(h) = -2021*h - 364. What are the prime factors of v(-2)?
2, 3, 613
Let t(s) = s + 2. Let m be t(0). Suppose 3*n = x + 3*x + m, 7 = -x + 4*n. List the prime factors of x/(-3)*3*-2.
2
Let b(s) = -s**3 + 5*s**2 - 2*s - 5. Let w be (-4)/14 - (-30)/7. Suppose 0 = -5*z - 15, 3*z + 25 + w = 5*l. List the prime factors of b(l).
3
Suppose -61*x + 64*x = 4464. List the prime factors of x.
2, 3, 31
Let n = -5 - -6. Let p(u) = 26*u - 84 - 87 + 171. List the prime factors of p(n).
2, 13
Suppose 19*b - 17*b = 820. Suppose -y - b = -6*y. List the prime factors of y.
2, 41
Let b(q) = q**3 - 5*q**2 + 5*q + 5. Let r be b(3). Suppose -2*v + 6*m = r*m - 184, 2*v = -3*m + 156. What are the prime factors of v?
2, 3, 7
Suppose 51*r = 52*r - 302. List the prime factors of r.
2, 151
Let v = 170 - -249. What are the prime factors of 2/(-4) + v/2?
11, 19
Let i be (3/(-9)*0)/1. Suppose i*m = 3*m - 27. List the prime factors of m.
3
Let z(p) = 9*p + 2. Let s be z(-2). What are the prime factors of (-968)/s - (-6)/(-4)?
59
Let z be 1*664 - (3 + -6). Suppose -670 = -3*v - 2*o, 3*v + z = 6*v + 5*o. What are the prime factors of v?
2, 7
Let d be (4/5)/((-24)/(-420)). List the prime factors of (26 - (-4)/1)*d/3.
2, 5, 7
Let p(o) = o**2 + 2*o + 1. Let y be p(-1). Suppose -s + 17 - 10 = y. What are the prime factors of s?
7
Let n(g) be the second derivative of g**3/2 - 11*g**2/2 + 2*g. Let y be n(14). Suppose y = -2*v + 121. List the prime factors of v.
3, 5
Let s(i) = 30*i - 6. Suppose -2*n - n - 2*u = -3, 1 = n - u. What are the prime factors of s(n)?
2, 3
Suppose 29*k - 20*k = 18. Suppose k*r = 11*r - 873. List the prime factors of r.
97
Let s(l) = 23*l + 8. Let h(w) = 23*w + 9. Suppose 25 = 4*y + 1. Let q(b) = y*h(b) - 7*s(b). List the prime factors of q(-2).
2, 11
Suppose -3*p = -4*p + 5. Suppose 0 = -4*f - 4*k - 67 + 275, 4*f - 205 = -p*k. Let x = f + -38. List the prime factors of x.
17
Let a = 11 + -14. Let g be a/(2/(-8) + 1). What are the prime factors of (12/(-6))/(g/50)?
5
Let n(t) = -t + 93. What are the prime factors of n(0)?
3, 31
Suppose p = 6*p - 5, 4*b - 3*p + 331 = 0. Let l = 49 + b. List the prime factors of 328/6 + 22/l.
2, 3
Let j be (-4 - 1)*30/25. Let g be 3/(j/(-8)*2). Suppose g*k - 4 = h + 11, 3*k - 4*h = 25. List the prime factors of k.
7
Suppose 0 = 5*l - 18 - 12. Let s(n) = -n**3 - 2*n**2 - 4. Let p be s(-3). Let m = l + p. List the prime factors of m.
11
Suppose -33*u = 5*u - 90744. List the prime factors of u.
2, 3, 199
Let g be (102/(-1))/((-2)/5). Let h(a) = -2*a**2 + a + 35. Let n be h(-5). List the prime factors of (16/n)/((-6)/g).
2, 17
Suppose 2*t - 2*c = -3*c - 1, 0 = -5*t - 3*c - 1. Let z = t - -50. What are the prime factors of z?
2, 3
What are the prime factors of (-72)/162*1206/(-4)?
2, 67
What are the prime factors of (1848/9)/((-7)/(-21))?
2, 7, 11
Let j(x) be the second derivative of 3*x - 3/2*x**2 + 0 - 8/3*x**3. What are the prime factors of j(-3)?
3, 5
Suppose 3360 = 12*h - 0*h. Suppose 5*l - 455 = h. What are the prime factors of l?
3, 7
List the prime factors of 168/(-2)*22/12*-2.
2, 7, 11
Suppose 4*i = -c + 2035, 0 = -5*i + 6*c - 8*c + 2546. Suppose -3*u - 105 + i = -4*p, 5*u + 3*p - 662 = 0. What are the prime factors of u?
7, 19
Let u be 2*-1 + 6/6. Let x be 13/3 + u/3. Suppose 2*f + 42 = x*f. What are the prime factors of 